hat is the greatest common divisor of 7405210 and 15?
5
What is the highest common factor of 11 and 19768331?
11
Calculate the greatest common divisor of 591200 and 102400.
800
What is the greatest common factor of 4347963 and 2306?
1153
Calculate the highest common factor of 228 and 5458263.
57
What is the highest common factor of 1453401 and 48096?
1503
What is the highest common divisor of 4785825 and 10725?
825
What is the greatest common divisor of 6916860 and 2160?
540
Calculate the greatest common divisor of 8 and 34010264.
8
What is the greatest common divisor of 49557937 and 143?
143
Calculate the highest common divisor of 7 and 371537033.
7
Calculate the greatest common divisor of 2484 and 1305766764.
2484
Calculate the greatest common factor of 31130 and 1857394.
22
What is the greatest common divisor of 759587 and 6731?
127
What is the greatest common factor of 57660 and 102276?
12
Calculate the highest common divisor of 189283 and 3313337.
1769
What is the greatest common factor of 53681053 and 2686?
1343
Calculate the highest common divisor of 1332136 and 416.
104
What is the highest common factor of 391 and 39000525?
23
Calculate the highest common factor of 1462 and 1893766.
34
What is the greatest common factor of 165005 and 11902?
541
Calculate the highest common divisor of 17891181 and 503118.
7623
What is the highest common divisor of 20040 and 7242840?
120
Calculate the greatest common divisor of 680736 and 1104.
48
What is the highest common factor of 8 and 122318244?
4
What is the greatest common divisor of 9484 and 420679417?
2371
Calculate the highest common factor of 587778 and 15846567.
1803
Calculate the greatest common factor of 14383 and 308099.
757
Calculate the highest common divisor of 39501 and 437589.
513
Calculate the greatest common factor of 2774180 and 10030.
590
What is the greatest common factor of 790 and 3797056?
158
What is the greatest common factor of 1245607 and 99?
11
Calculate the greatest common factor of 42912922 and 6470.
1294
What is the highest common factor of 957 and 20483367?
87
What is the highest common divisor of 12437085 and 435?
435
What is the highest common factor of 4 and 28391742?
2
Calculate the greatest common factor of 18563100 and 10320.
2580
What is the highest common factor of 11509 and 1398682?
677
What is the greatest common divisor of 1059 and 267483?
3
What is the greatest common divisor of 23532941 and 21020?
1051
Calculate the greatest common divisor of 352 and 6516642.
22
Calculate the greatest common divisor of 2583 and 266091.
21
What is the highest common divisor of 728213 and 1273?
19
What is the greatest common factor of 4717336 and 1206?
134
Calculate the greatest common divisor of 4945 and 1381805.
215
Calculate the highest common divisor of 710236 and 275644.
2012
Calculate the greatest common divisor of 17 and 4500682493.
17
What is the greatest common factor of 411796 and 1452528?
308
Calculate the greatest common divisor of 386314 and 2002864.
1658
What is the greatest common factor of 152 and 152792?
8
Calculate the highest common divisor of 2709 and 1030581.
387
What is the highest common divisor of 148581258 and 153?
51
What is the greatest common factor of 82984 and 4531?
23
What is the greatest common divisor of 3282590 and 5735?
155
Calculate the highest common divisor of 12 and 27245716.
4
What is the greatest common factor of 19628 and 1288548758?
9814
What is the greatest common divisor of 3486 and 140447454?
3486
Calculate the greatest common divisor of 3068548 and 91756.
812
What is the highest common factor of 32714805 and 215715?
2955
Calculate the highest common factor of 483529725 and 5950.
2975
What is the highest common factor of 41791718 and 2?
2
Calculate the greatest common factor of 38878495 and 155.
155
What is the highest common divisor of 257050 and 6596?
194
Calculate the greatest common divisor of 62001 and 79929.
747
What is the highest common factor of 23540621 and 39?
13
What is the highest common factor of 1924 and 37124?
4
What is the greatest common factor of 860 and 90117250?
430
Calculate the highest common factor of 3045 and 19102300.
1015
Calculate the highest common factor of 1786 and 32071484.
94
What is the highest common factor of 70656 and 385540352?
5888
What is the greatest common factor of 13048 and 284312?
56
What is the greatest common divisor of 88580 and 2409170?
1030
Calculate the greatest common divisor of 1188724 and 7144.
188
Calculate the highest common divisor of 9075 and 6285.
15
What is the greatest common factor of 734514 and 1489488?
2046
What is the highest common factor of 72 and 2895786?
18
Calculate the greatest common factor of 5270967 and 1404.
351
Calculate the highest common divisor of 15961644 and 162.
54
Calculate the highest common divisor of 9184 and 160351328.
1312
Calculate the highest common factor of 138321 and 28381185.
1269
Calculate the highest common divisor of 1963563 and 32655.
21
Calculate the highest common factor of 48504309 and 699.
699
Calculate the greatest common factor of 369238 and 1.
1
What is the greatest common factor of 4927 and 104923?
13
What is the highest common divisor of 34580459 and 37?
37
Calculate the highest common divisor of 1913943 and 62035.
653
Calculate the highest common factor of 86913 and 453546.
999
Calculate the highest common factor of 132 and 98478402.
66
What is the greatest common divisor of 339 and 8331?
3
Calculate the greatest common factor of 1871682 and 16428.
222
What is the highest common divisor of 3360 and 3078195?
15
Calculate the highest common divisor of 161 and 108846534.
23
What is the highest common factor of 7630 and 178465?
35
What is the greatest common factor of 56862 and 16458?
78
What is the greatest common factor of 856 and 481345492?
428
What is the highest common factor of 1557 and 1756815?
519
Calculate the highest common divisor of 117 and 8078967.
117
Calculate the highest common divisor of 537 and 4587591.
537
What is the highest common factor of 237371 and 40936?
17
What is the highest common divisor of 20672 and 1552528?
304
Calculate the greatest common factor of 7391513 and 304.
19
Calculate the highest common factor of 876426786 and 36.
18
Calculate the highest common divisor of 4005 and 5993705.
445
What is the greatest common factor of 233 and 1475470?
1
Calculate the highest common factor of 185300101 and 40523.
5789
Calculate the greatest common factor of 324571198 and 392.
98
What is the greatest common divisor of 315455547 and 15543?
5181
Calculate the greatest common divisor of 125496 and 16128.
504
What is the greatest common divisor of 11515868 and 34?
34
Calculate the greatest common factor of 290922606 and 754.
754
What is the greatest common factor of 40 and 27583960?
40
Calculate the highest common divisor of 34112 and 3205696.
832
What is the highest common divisor of 3192 and 177538128?
456
What is the highest common factor of 12 and 1583020?
4
What is the highest common divisor of 29892135 and 2154?
1077
Calculate the greatest common divisor of 33449 and 10517.
13
Calculate the greatest common factor of 119 and 6119099.
119
Calculate the highest common factor of 234 and 1034631.
117
What is the greatest common factor of 1620 and 134259?
3
What is the greatest common divisor of 2613 and 11180?
13
What is the greatest common divisor of 6 and 6346776?
6
Calculate the highest common factor of 576662599 and 94.
47
What is the greatest common factor of 199505 and 985?
5
What is the greatest common divisor of 4086 and 114188037?
681
Calculate the highest common divisor of 65 and 47444800.
65
Calculate the greatest common factor of 56 and 83652.
4
What is the greatest common factor of 2714250 and 96000?
750
Calculate the highest common factor of 740983 and 13.
1
What is the highest common factor of 75916 and 148?
4
Calculate the highest common factor of 472140 and 27389280.
2580
What is the greatest common divisor of 29680 and 5035?
265
Calculate the greatest common factor of 68 and 559420258.
34
What is the greatest common factor of 1658070 and 42435?
1035
Calculate the highest common factor of 688182750 and 1161.
1161
Calculate the greatest common factor of 171 and 23548790.
19
What is the hig